{"id":1938,"date":"2025-08-02T10:32:21","date_gmt":"2025-08-02T08:32:21","guid":{"rendered":"https:\/\/www.davidpricedesign.com\/?post_type=project&#038;p=1938"},"modified":"2025-08-07T07:51:35","modified_gmt":"2025-08-07T05:51:35","slug":"villa-belle-epoque-vence","status":"publish","type":"project","link":"https:\/\/www.davidpricedesign.com\/fr\/projet\/villa-belle-epoque-vence\/","title":{"rendered":"Villa Belle Epoque, Vence"},"content":{"rendered":"<p>R\u00e9am\u00e9nagement d'une maison du XVIIe si\u00e8cle avec beaucoup de couleurs, de pr\u00e9sence et de d\u00e9tails bien pens\u00e9s.<\/p>","protected":false},"featured_media":1964,"template":"","meta":{"_acf_changed":false,"inline_featured_image":false,"_lmt_disableupdate":"","_lmt_disable":""},"project-category":[3],"class_list":["post-1938","project","type-project","status-publish","has-post-thumbnail","hentry","project-category-renovations"],"acf":[],"_links":{"self":[{"href":"https:\/\/www.davidpricedesign.com\/fr\/wp-json\/wp\/v2\/project\/1938","targetHints":{"allow":["GET"]}}],"collection":[{"href":"https:\/\/www.davidpricedesign.com\/fr\/wp-json\/wp\/v2\/project"}],"about":[{"href":"https:\/\/www.davidpricedesign.com\/fr\/wp-json\/wp\/v2\/types\/project"}],"wp:featuredmedia":[{"embeddable":true,"href":"https:\/\/www.davidpricedesign.com\/fr\/wp-json\/wp\/v2\/media\/1964"}],"wp:attachment":[{"href":"https:\/\/www.davidpricedesign.com\/fr\/wp-json\/wp\/v2\/media?parent=1938"}],"wp:term":[{"taxonomy":"project-category","embeddable":true,"href":"https:\/\/www.davidpricedesign.com\/fr\/wp-json\/wp\/v2\/project-category?post=1938"}],"curies":[{"name":"wp","href":"https:\/\/api.w.org\/{rel}","templated":true}]}}

<p>Réaménagement d'une maison du XVIIe siècle avec beaucoup de couleurs, de présence et de détails bien pensés.</p>
